{"id":778,"date":"2021-07-30T09:47:41","date_gmt":"2021-07-30T07:47:41","guid":{"rendered":"https:\/\/albatroszkemping.hu\/events\/termeszet-operahaza-tisza-tavi-fesztival-2021-topera-galakoncert\/"},"modified":"2021-07-30T09:51:48","modified_gmt":"2021-07-30T07:51:48","slug":"termeszet-operahaza-tisza-tavi-fesztival-2021-topera-galakoncert","status":"publish","type":"ajde_events","link":"https:\/\/albatroszkemping.hu\/en\/events\/termeszet-operahaza-tisza-tavi-fesztival-2021-topera-galakoncert\/","title":{"rendered":"Term\u00e9szet Operah\u00e1za Tisza-tavi Fesztiv\u00e1l 2021 \/ TO&#8217;pera G\u00e1lakoncert"},"content":{"rendered":"<p>Ny\u00e1ri kiruccan\u00e1s \u00e9s komolyzenei koncert \u2013 csod\u00e1latos t\u00f3parti var\u00e1zslat. A To\u2019pera, a Morotva Ker\u00e9kp\u00e1ros pihen\u0151parkban v\u00e1rja a term\u00e9szet \u00e9s a komolyzene szerelmeseit, de azokat is, akiknek m\u00e9g ismeretlen ez a m\u0171faj \u00e1m sz\u00edvesen t\u00f6lten\u00e9nek egy ny\u00e1ri est\u00e9t a Tisza t\u00f3 partj\u00e1n, sz\u00ednvonalas el\u0151ad\u00f3m\u0171v\u00e9szek t\u00e1rsas\u00e1g\u00e1ban.<\/p>\n<p>-A szervez\u0151k-<\/p>","protected":false},"author":1,"featured_media":779,"menu_order":0,"comment_status":"closed","ping_status":"closed","template":"","meta":{"om_disable_all_campaigns":false},"tags":[],"event_type":[23],"event_type_2":[],"class_list":["post-778","ajde_events","type-ajde_events","status-publish","has-post-thumbnail","hentry","event_location-tisza-to","event_type-fesztival","entry","has-media"],"_links":{"self":[{"href":"https:\/\/albatroszkemping.hu\/en\/wp-json\/wp\/v2\/ajde_events\/778","targetHints":{"allow":["GET"]}}],"collection":[{"href":"https:\/\/albatroszkemping.hu\/en\/wp-json\/wp\/v2\/ajde_events"}],"about":[{"href":"https:\/\/albatroszkemping.hu\/en\/wp-json\/wp\/v2\/types\/ajde_events"}],"author":[{"embeddable":true,"href":"https:\/\/albatroszkemping.hu\/en\/wp-json\/wp\/v2\/users\/1"}],"replies":[{"embeddable":true,"href":"https:\/\/albatroszkemping.hu\/en\/wp-json\/wp\/v2\/comments?post=778"}],"wp:featuredmedia":[{"embeddable":true,"href":"https:\/\/albatroszkemping.hu\/en\/wp-json\/wp\/v2\/media\/779"}],"wp:attachment":[{"href":"https:\/\/albatroszkemping.hu\/en\/wp-json\/wp\/v2\/media?parent=778"}],"wp:term":[{"taxonomy":"post_tag","embeddable":true,"href":"https:\/\/albatroszkemping.hu\/en\/wp-json\/wp\/v2\/tags?post=778"},{"taxonomy":"event_type","embeddable":true,"href":"https:\/\/albatroszkemping.hu\/en\/wp-json\/wp\/v2\/event_type?post=778"},{"taxonomy":"event_type_2","embeddable":true,"href":"https:\/\/albatroszkemping.hu\/en\/wp-json\/wp\/v2\/event_type_2?post=778"}],"curies":[{"name":"wp","href":"https:\/\/api.w.org\/{rel}","templated":true}]}}

Természet Operaháza Tisza-tavi Fesztivál 2021 / TO&#8217;pera Gálakoncert

<p>Nyári kiruccanás és komolyzenei koncert – csodálatos tóparti varázslat. A To’pera, a Morotva Kerékpáros pihenőparkban várja a természet és a komolyzene szerelmeseit, de azokat is, akiknek még ismeretlen ez a műfaj ám szívesen töltenének egy nyári estét a Tisza tó partján, színvonalas előadóművészek társaságában.</p>
<p>-A szervezők-</p>
